f 626 and 28037914.
626
What is the greatest common factor of 312197 and 7?
1
What is the highest common divisor of 2754553 and 7292?
1823
What is the greatest common factor of 144283 and 1716692?
919
Calculate the highest common divisor of 20038441 and 889.
127
What is the highest common factor of 736359 and 1047537?
717
Calculate the highest common factor of 43418385 and 1845.
1845
Calculate the highest common divisor of 150968487 and 804.
201
What is the highest common factor of 1626 and 56432498?
542
Calculate the highest common divisor of 92080242 and 198.
18
What is the greatest common divisor of 65 and 74780?
5
What is the greatest common factor of 151 and 43099?
1
What is the greatest common factor of 116 and 748339142?
58
Calculate the highest common divisor of 1248 and 26187616.
416
Calculate the highest common factor of 1914583 and 131406.
121
Calculate the greatest common factor of 8652 and 164332.
28
What is the highest common factor of 53012 and 39276408?
1828
What is the highest common divisor of 373248 and 106434?
1458
Calculate the highest common divisor of 558375392 and 3936.
1312
What is the highest common factor of 76153 and 57233?
473
What is the greatest common factor of 682093 and 10447?
31
Calculate the highest common divisor of 91 and 5977895.
7
Calculate the highest common factor of 102 and 15304539.
51
What is the greatest common divisor of 339636255 and 145?
145
What is the highest common factor of 3454602 and 1926?
642
Calculate the highest common factor of 7849 and 1596019.
167
Calculate the greatest common divisor of 2660 and 5146720.
380
Calculate the greatest common divisor of 199513476 and 60.
12
What is the highest common factor of 9492 and 7959?
21
Calculate the greatest common factor of 268 and 461972.
4
What is the highest common factor of 1242 and 142186230?
414
What is the highest common divisor of 4962490 and 780?
130
Calculate the greatest common factor of 20062 and 11333.
7
Calculate the highest common divisor of 2544932 and 444938.
2834
Calculate the greatest common divisor of 5715 and 30720.
15
Calculate the highest common factor of 78805072 and 382.
382
What is the highest common factor of 1322082 and 44496?
54
Calculate the greatest common divisor of 820 and 2244540.
20
Calculate the highest common divisor of 710125 and 108376.
437
Calculate the highest common divisor of 117363078 and 14794.
1138
Calculate the greatest common factor of 26078 and 1902160.
1534
What is the highest common factor of 24 and 5604117?
3
What is the highest common factor of 910374 and 18?
6
What is the highest common divisor of 142581583 and 354?
59
What is the greatest common factor of 1768245 and 135?
15
Calculate the highest common divisor of 5258 and 12727706.
478
What is the greatest common divisor of 34446989 and 27108?
251
What is the greatest common divisor of 110887 and 220158218?
15841
Calculate the highest common factor of 192 and 494995008.
192
Calculate the highest common factor of 6571971 and 4032.
63
What is the greatest common factor of 48970 and 8210?
10
What is the greatest common factor of 923 and 179582?
13
What is the highest common factor of 86275 and 56720636?
3451
What is the highest common factor of 3349932 and 215364?
1572
What is the highest common divisor of 1179395659 and 6331?
6331
Calculate the highest common divisor of 40987648 and 3744.
416
Calculate the highest common factor of 517873500 and 5400.
2700
Calculate the greatest common factor of 12 and 3054891.
3
Calculate the highest common factor of 1216 and 112731712.
1216
What is the highest common divisor of 4320 and 54267280?
80
Calculate the greatest common factor of 12575 and 58925.
25
What is the greatest common factor of 24 and 325421504?
8
Calculate the highest common divisor of 157700 and 90380.
20
What is the greatest common divisor of 1340 and 32371988?
268
Calculate the greatest common divisor of 42675419 and 709.
709
What is the highest common factor of 183760 and 48400?
80
What is the greatest common divisor of 12970206 and 7245?
207
What is the greatest common factor of 51071616 and 45364?
4124
Calculate the highest common divisor of 346409 and 85.
17
Calculate the highest common factor of 324 and 44874.
162
Calculate the highest common factor of 876 and 6648256.
292
Calculate the highest common factor of 740 and 142060.
20
What is the greatest common divisor of 66 and 18205176?
66
What is the highest common factor of 7368067 and 9709?
133
What is the greatest common divisor of 2232257070 and 30?
30
Calculate the greatest common factor of 7756 and 54747388.
1108
Calculate the highest common divisor of 254340 and 832680.
1620
What is the highest common divisor of 92869896 and 36?
12
What is the highest common divisor of 1096522920 and 1940?
1940
What is the greatest common factor of 23493 and 1116777?
573
Calculate the highest common divisor of 14190 and 458474170.
4730
Calculate the greatest common factor of 19279 and 26665823.
1483
Calculate the greatest common divisor of 54511 and 223782.
2869
Calculate the greatest common factor of 50940896 and 1376.
1376
Calculate the highest common factor of 633157005 and 78.
39
Calculate the greatest common divisor of 6420 and 7173708.
1284
What is the greatest common divisor of 44234056 and 13896?
1544
Calculate the greatest common factor of 13755 and 10092240.
1965
Calculate the highest common factor of 24647274 and 4914.
54
What is the greatest common factor of 548488655 and 27885?
9295
What is the greatest common divisor of 1233 and 8306721?
1233
What is the greatest common factor of 12008451 and 1113?
21
Calculate the highest common factor of 15604 and 26233238.
94
Calculate the greatest common factor of 1683 and 85880124.
1683
Calculate the highest common divisor of 10440561 and 45978.
237
What is the highest common divisor of 819 and 105830816?
91
Calculate the highest common divisor of 84332 and 11136.
116
Calculate the highest common factor of 252 and 9243486.
126
What is the highest common divisor of 19440 and 350964576?
1296
Calculate the greatest common divisor of 6831 and 2129490.
297
What is the highest common factor of 21108119 and 542245?
9859
What is the highest common factor of 11059796 and 15048?
44
What is the highest common divisor of 66 and 6615664?
22
Calculate the greatest common divisor of 1634 and 9937.
19
Calculate the greatest common factor of 640 and 243970.
10
Calculate the highest common factor of 4186 and 42849989.
2093
Calculate the highest common factor of 436437 and 1421349.
213
Calculate the greatest common factor of 67304 and 4840.
8
Calculate the greatest common divisor of 26267612 and 364.
28
Calculate the greatest common divisor of 4365 and 373048905.
1455
What is the highest common factor of 338892 and 8494?
62
What is the greatest common factor of 4966021 and 149?
149
Calculate the greatest common divisor of 5081064 and 48.
24
Calculate the highest common divisor of 3016536 and 59496.
888
Calculate the greatest common factor of 112972 and 116144.
244
What is the highest common divisor of 625801 and 11?
11
What is the highest common factor of 125 and 1553585?
5
Calculate the greatest common factor of 70584533 and 537.
179
Calculate the greatest common factor of 44009 and 61369.
7
Calculate the highest common divisor of 129230 and 6350.
10
What is the highest common divisor of 32848384 and 1024?
512
What is the greatest common factor of 51 and 34369801?
17
What is the greatest common factor of 64 and 468211520?
64
What is the greatest common divisor of 281795682 and 24780?
2478
What is the highest common factor of 5968 and 6100042?
746
Calculate the highest common factor of 647407536 and 3408.
3408
Calculate the highest common divisor of 141 and 1236162792.
141
Calculate the greatest common factor of 7128 and 149774832.
648
What is the greatest common divisor of 5508 and 13778109?
153
Calculate the highest common divisor of 48 and 2683092.
12
Calculate the greatest common divisor of 7206558 and 29.
29
What is the greatest common factor of 29623 and 185669?
11
What is the greatest common divisor of 12820836 and 24?
12
What is the greatest common factor of 60060 and 86892?
156
What is the greatest common factor of 1936934 and 2?
2
Calculate th